15. Calculate i(q).
-4
Let m(i) = -i**3 - 3*i**2 - 2*i - 3. Suppose 0 = -5*a - 0 + 50. Let y(o) = o**2 - 12*o + 5. Let r be y(a). Let w be 20/r*3/2. Calculate m(w).
-3
Let m(p) = -4 + 2 + 0 + p - 3. Give m(7).
2
Let r(p) be the third derivative of -p**6/120 + p**5/15 - p**4/12 - 2*p**3/3 - 2*p**2. Let c(g) = g - 6. Let n be c(9). Let t = n + 0. Give r(t).
-1
Let z be 0 - (0 + 2) - 115. Let a be z/(-21) + (-3)/(-7). Let b be (1 - 1) + (-18)/a. Let c(p) = -3*p + 2. Determine c(b).
11
Let y(d) = -1. Let v(n) = -n**2 - 8*n - 1. Let u be 7/((-28)/32) - -3. Let j(k) = -k**2 - 5*k - 3. Let l be j(u). Let g(m) = l*y(m) - v(m). What is g(-7)?
-3
Let n(z) = -z**2 - z - 4. Suppose -5*l - 526 + 506 = 0. Give n(l).
-16
Let p(w) = -w - 1. Let j(k) = 9. Let o(q) = j(q) + 3*p(q). Suppose a = -5*g + 32, -3*a = 466*g - 470*g + 18. What is o(g)?
-12
Let m(z) = -4*z - z**2 - 10 + 24 - 5*z - 21. Give m(-8).
1
Let m be (-50)/8 + (-2)/(-8). Suppose 2*n + 6 = 8. Let l(b) = n + 186*b + 5 - 192*b - b**2. Determine l(m).
6
Let p(i) be the second derivative of i**5/4 + i**4/12 - i**3/6 + i. Let r(x) = x**3 - 14*x**2 - 16*x + 16. Let t be r(15). Determine p(t).
5
Let a(y) = -4*y**3 + 3*y**2 + 7*y + 19. Let b(m) = 3*m**3 - 2*m**2 - 5*m - 13. Let j = 38 - 33. Let z(k) = j*a(k) + 7*b(k). Calculate z(0).
4
Suppose 10 = -2*n + s - 9, 0 = 2*s - 2. Let i(q) = -q**2 - 12*q - 14. Calculate i(n).
13
Let j(h) = 13*h**2. Let y be (-413)/(-14) - (-1)/2. Let o = -31 + y. Determine j(o).
13
Let f(p) = -5*p**2 + 32*p - 1. Let b(d) = d**2 - 7*d. Let r(o) = -9*b(o) - 2*f(o). What is r(3)?
8
Let g(x) = x**3 + 12*x**2 - x - 6. Let l be -13 + (-3 - 0 - 212/(-53)). Calculate g(l).
6
Let r(g) = 8*g**2 - 4. Let z(y) = -14 + 55 - 24*y**2 - 30. Let s(p) = -8*r(p) - 3*z(p). Let a be (-6)/(-4) + (-1)/2. Determine s(a).
7
Let k(g) be the second derivative of g**3/6 + 11*g**2/2 + 5*g - 14. Calculate k(-6).
5
Let p(j) = -7*j - 1. Let m = 4 - -7. Let u = 2 + m. Let t = 12 - u. Determine p(t).
6
Suppose b = 2, 3*l + b + 10 = -0*b. Let c(z) be the first derivative of -z**4/4 - 5*z**3/3 - 3*z**2/2 - 3*z - 21. What is c(l)?
-7
Let f(c) be the second derivative of -c**4/12 - c**3/3 - c**2/2 + 128*c - 2. Let a(k) = -k**3 - k - 4. Let n be a(0). Give f(n).
-9
Let h = 68 - 40. Suppose 0 = 5*a + 20, 4*l - 2*a + h = -a. Let n(i) = i**2 + 9*i + 4. Calculate n(l).
-4
Let f be 1 + -1 - (-19 + 7). Let o = -8 + f. Let d(z) = -1 - 2*z - z + o*z - 2. What is d(-4)?
-7
Let l(i) = i**2 + 6*i - 53. Let o be l(-11). Let x(s) = 2*s**3 - 2*s - 5. Let t(j) = -5*j**3 + 5*j + 11. Let g(c) = -4*t(c) - 9*x(c). What is g(o)?
13
Let q(o) = 2*o**3 + 6*o**2 + 6. Let u(n) = n**3 + 1. Let y(m) = q(m) - 3*u(m). Give y(5).
28
Let j = -265 + 144. Let y = -124 - j. Let s(i) = 3*i**2 + 5*i + 2. Give s(y).
14
Let f = -543 + 533. Let k(w) = w**3 + 11*w**2 + 12*w + 26. Calculate k(f).
6
Let n = -24 + 26. Let z(c) = c**3 - c + 2. What is z(n)?
8
Let s(p) = p**3 + 14*p**2 + 9*p - 49. Let a be s(-13). Let v(m) = -12*m. What is v(a)?
-36
Let p be (-8)/(-8) + -5 - (-2 - -1). Let t(d) = 30*d + 2*d**2 - 16*d - 10*d + 0*d**2. Give t(p).
6
Let z(b) = -b**3 - 5*b**2 + 14*b - 10. Let r(l) = l**3 + 5*l**2 - 16*l + 12. Let n(s) = 6*r(s) + 7*z(s). Give n(-6).
26
Let s(n) = -n**2 + 11*n + 4. Suppose 6*q = -6*q + 72. Calculate s(q).
34
Let v(w) = 1 - 5*w + 4*w - 3. Let p = 73 - 75. Determine v(p).
0
Let d be (-16)/16*3 - (-3 - -1). Let j(r) = r**3 + r**2 + 3*r + 2. What is j(d)?
-1
Suppose -3*k = -4*y + 63, y + 13 = -5*k - 0. Suppose -4*o - y = -o. Let v(h) = -15*h + 2 + 5*h + 7*h + 2*h. Give v(o).
6
Let n(h) = -4*h + 1 - 3*h**2 + 2 - 5 + 2*h**3. Let d(a) = 9*a - 20. Let u be d(3). Suppose u*y - 1 = -15. Give n(y).
-22
Let p(o) = o + 4. Let u(x) = 5*x + 3. Let q be u(-1). Let s be 7/(-14)*12/q. Calculate p(s).
7
Let p(b) = b**3 + 6*b**2 + 6. Let f be p(-6). Let o(n) = n - 4. Let z be o(f). Let a(g) = -g + z - 2. Determine a(2).
-2
Let c = 329 - 317. Let x(a) = -a**2 + 10*a + 14. Determine x(c).
-10
Let r(w) = 4*w - 1. Let z = -80 + 117. Let g = -35 + z. Calculate r(g).
7
Let c(h) be the third derivative of h**5/60 - h**4/6 - 7*h**3/3 - 189*h**2. Determine c(8).
18
Let y be (-10)/12 - 150/(-180). Let x(a) be the second derivative of 2*a + y*a**3 - 1/2*a**2 + 0 - 5/12*a**4. Determine x(1).
-6
Let u(s) = -5*s + 28. Let z(c) = -42*c + 252. Let i(b) = -52*u(b) + 6*z(b). Calculate i(-6).
8
Let y(c) be the second derivative of c**4/3 - c**3/3 - c**2/2 + 36*c. Let p(r) = -r**3 - 5*r**2 - 6*r - 6. Let m be p(-4). What is y(m)?
11
Suppose 29*x + 0*x = -3*x + 32. Let l(i) = 2*i - 2*i**2 - i - 1 - 7*i**2. Calculate l(x).
-9
Let n(i) = 23*i**2 - 17 - 6*i**2 - i - 16*i**2. Determine n(0).
-17
Suppose 4 = 2*b - 4. Suppose 0 = -2*a + b - 0. Let m(q) = -4*q**2 - 19 + 5*q**2 + 21. Calculate m(a).
6
Suppose 0*v + 50 = -2*v. Let h = v - -25. Let s(j) be the second derivative of j**4/12 + j**3/6 - 4*j**2 - 2*j. What is s(h)?
-8
Let v be (-1 - 1)/(4/(-30)). Let m be 6/v - (-16)/10. Let z(f) = 2 + 0 - 5 - 2*f + f**m + 0. Give z(3).
0
Let n(w) = -12*w - 49 + 49. Suppose -11 = -27*f + 16. Calculate n(f).
-12
Let f = -613 + 618. Let o(d) be the second derivative of 1/5*d**f - d - 1/12*d**4 + 1/6*d**3 - 1/2*d**2 + 0. Give o(1).
3
Let h(s) = s + 27. Let d be ((-2)/4)/(4017/572 + -7). Give h(d).
5
Let j(n) be the first derivative of n**2/2 - 3*n - 1. Let v(b) = b - 4. Suppose -5*t + 18 = -4*k, -4*t + 16 = -2*k + 4. Let o be v(k). What is j(o)?
-9
Let d(k) = -k**2 + 5*k + 53. Let o be d(10). Let l(q) = -q**3 + 2*q**2 + 2*q - 4. Give l(o).
-7
Let v(t) = -t - 3. Let x(d) = -2. Let k(i) = -3*v(i) + 4*x(i). Suppose -4 = 2*s + 32. Let h be (1 - 4)*(-6)/s. Calculate k(h).
-2
Let y(q) = -q - 8. Let h = 44 + -52. Determine y(h).
0
Suppose 5*u - 2*m = 8 - 28, 4*m = 0. Let w(a) be the third derivative of 5*a**4/24 + 5*a**3/6 - 29*a**2. Give w(u).
-15
Let j be (-110)/90 - (-20)/90. Let o(f) = -7*f - 1. What is o(j)?
6
Suppose -2*d + 5*p = 26, -24 = -d - 5*p - 7. Let c(f) = -2*f + 2. Let q be c(-2). Let l(v) = -q + 2 + 2 + v. Calculate l(d).
-5
Let d(l) = l**2 + 4*l + 5. Let i be 2*(-9)/12*2 + -53. Let k = i + 52. Determine d(k).
5
Let u(h) be the second derivative of h**3/6 - 9*h**2/2 - 308*h. What is u(6)?
-3
Let y(d) = -2*d**2 + 7*d - 4. Suppose 0 = 5*a - 3*x - 20 + 3, -5*a - 4*x + 24 = 0. Let h = a + 0. Suppose 0 = -2*j + 3*o + 17, h*j - 4*o - 22 = -2*o. Give y(j).
-8
Let y(s) = 2*s - 1. Let k(j) = 11*j - 1. Let h(a) = -k(a) + 4*y(a). Give h(6).
-21
Let s = 11 - 6. Let p(m) = -336 + 330 - s*m + m. Let i be -2*1*1 - 2. Determine p(i).
10
Suppose -3*p + 5*p = 18. Let o(i) = -i**2 - 5*i - p*i + 15*i - 2 - 4. Let w(x) = x - 1. Let g(m) = o(m) - 4*w(m). Calculate g(-3).
-2
Let s(i) = -251*i**3 - 4*i - 2 + 252*i**3 + 2*i**2 + 2*i. Determine s(2).
10
Let b(a) = -90*a - 57. Let y(k) = -21*k - 14. Let p(r) = 5*b(r) - 21*y(r). Determine p(3).
-18
Let s(g) = -2*g. Let j = 14 - 8. Let u = j + -4. Suppose u*a = h + 2*h + 18, a - 7 = h. Calculate s(a).
-6
Let a(u) = -4*u**3 + 4*u**2 - 5*u + 10. Let j(s) = -4 + 3*s**3 - 2 + 6*s - 5*s**2 - 3. Let r(v) = 2*a(v) + 3*j(v). Determine r(6).
5
Let p be (-20 + 21)/(2 - 1). Let z be (4*(-3)/(-3))/2. Let s(r) = 3*r**3 + 1 - z*r + 0 + r**3. Calculate s(p).
3
Let c(o) = 3*o + 4 + 93*o**2 - 2 - 94*o**2 - 2*o. Let t(m) = -m**2 + m + 1. Let w(g) = -c(g) + 2*t(g). Give w(1).
0
Let g(q) = -6*q**3 - 1. Let s(j) = -j**2 - j + 7. Let a(t) = -7*t + 11. Let b be a(2). Let x be s(b). Calculate g(x).
-7
Suppose -58 = -3*a - 5*v, -2*a + 4*v - 4 + 6 = 0. Let f(z) = -z**2 + 11*z + 6. Determine f(a).
6
Let p = 7225/24 + -301. Let x(w) be the third derivative of p*w**6 + 0 + 1/24*w**4 + 1/6*w**3 + 0*w + 1/60*w**5 - 5*w**2. What is x(-1)?
-4
Let y(b) be the first derivative of 11*b**3/3 + 15*b**2 - 40*b + 2. Let p(x) = -4*x**2 - 10*x + 13. Let s(w) = -8*p(w) - 3*y(w). Calculate s(-11).
5
Let k(m) = -5*m**2 + 9*m - 9. Let c(h) = 2*h**2 - h + 1. Let q(x) = -2*c(x) - k(x). Determine q(5).
-3
Suppose -4 = 6*k - 2*k. Let u(b) = -b + 8. Let m(n) = 8*n**3 - n**2 - 2*n + 17. Let w(r) = -m(r) + 2*u(r). Give w(k).
8
Let q = 0 + -4. Suppose 2*l - 6 = -l. Let f be q/(l*8/(-12)). Let b(a) = 2*a + 2. Calculate b(f).
8
Let c(q) = -q**3 - 7*q**2 + q + 6. Suppose -w = 2*w - 9. Let r be 62/3 - (-1)/w. Su